ase 11, what is -1 + -4870?
-4871
In base 15, what is 4 - -7d1a?
7d1e
In base 9, what is 5 - -214800?
214805
In base 7, what is -45265263 - 0?
-45265263
In base 13, what is -16b + c1?
-7a
In base 3, what is -222112200 - -11?
-222112112
In base 5, what is -143133214 - -4?
-143133210
In base 6, what is 1 - -5104431?
5104432
In base 16, what is c1 - 47?
7a
In base 7, what is 1 - -134003?
134004
In base 8, what is 13270 + 7?
13277
In base 4, what is 103 + -332320133?
-332320030
In base 14, what is 1842 - 27?
1819
In base 2, what is -101010010 + 110110?
-100011100
In base 15, what is -d + -42a?
-438
In base 6, what is -4 - -325035?
325031
In base 12, what is -5 - 203b?
-2044
In base 11, what is 47 - -878?
914
In base 11, what is -a51 - 4?
-a55
In base 9, what is -341 + -265?
-616
In base 2, what is 1 - 10110011110010?
-10110011110001
In base 8, what is 1145 + -704?
241
In base 11, what is 1 + 16908?
16909
In base 16, what is d89 - e0?
ca9
In base 8, what is -10 - -15160?
15150
In base 3, what is 10120 + -2021222122?
-2021212002
In base 15, what is 16 + dd9c?
ddb3
In base 2, what is -1 + 1101001001010111000?
1101001001010110111
In base 6, what is -34 - 12534?
-13012
In base 13, what is 0 - -cb0?
cb0
In base 13, what is 1034a5 - -3?
1034a8
In base 2, what is 100110 - 1110101101010101?
-1110101100101111
In base 10, what is 65898 + 2?
65900
In base 14, what is -2ac + -34?
-302
In base 5, what is 4 - 4320131?
-4320122
In base 16, what is c1677 - 2?
c1675
In base 14, what is 670b3 + -17?
6709a
In base 9, what is -5 - 11808?
-11814
In base 5, what is -3424120 - 4?
-3424124
In base 6, what is -13530 - 1534?
-15504
In base 8, what is 5 - -176?
203
In base 10, what is -2 + -15228?
-15230
In base 10, what is -2321 + -28?
-2349
In base 9, what is 1 + 106207?
106208
In base 16, what is -1103 + -1d?
-1120
In base 10, what is -23111 - 15?
-23126
In base 6, what is -3 - -313342?
313335
In base 4, what is 0 + 233112?
233112
In base 13, what is -270 - -14?
-259
In base 12, what is -32 - 90a13?
-90a45
In base 10, what is 5 - 1637040?
-1637035
In base 16, what is -d1cc + 5?
-d1c7
In base 14, what is -207a + -3?
-207d
In base 3, what is 200202211 - -1?
200202212
In base 9, what is 6 + -7480?
-7473
In base 6, what is -532 - -114?
-414
In base 5, what is -110030113 + 0?
-110030113
In base 2, what is 1001101101000001 + 101?
1001101101000110
In base 6, what is -145220 - 23?
-145243
In base 16, what is e + -331f?
-3311
In base 2, what is 1110101 + -11000100?
-1001111
In base 10, what is -9900 + -25?
-9925
In base 7, what is 1 - -2550444?
2550445
In base 16, what is 4 - 298d?
-2989
In base 2, what is -10100 - 1010101110?
-1011000010
In base 12, what is 5 + 10741?
10746
In base 9, what is 153 + 26882?
27145
In base 2, what is 1100010110011011 + 1011?
1100010110100110
In base 14, what is -4051c - -4?
-40518
In base 16, what is 55be + 2?
55c0
In base 4, what is -30 - 2213101?
-2213131
In base 2, what is 0 - 1100101110100101011?
-1100101110100101011
In base 16, what is -26 - e96?
-ebc
In base 6, what is -31 + 125504?
125433
In base 16, what is -13f037 - 3?
-13f03a
In base 2, what is -110 - -1011110101000?
1011110100010
In base 13, what is 2 - 399?
-397
In base 7, what is 15 - 203264?
-203246
In base 5, what is -1 - -201210?
201204
In base 15, what is -31 - -377?
346
In base 12, what is -41 - -4b4?
473
In base 2, what is 100 - -10101110001100010111?
10101110001100011011
In base 6, what is 10251554 - -4?
10252002
In base 2, what is 1010000 + 10100111?
11110111
In base 10, what is 341 - 8088?
-7747
In base 10, what is -1457 + -2668?
-4125
In base 12, what is 4 - -61808?
61810
In base 15, what is -17bc + 13?
-17a9
In base 9, what is -7 - -211?
203
In base 11, what is -60 - -4759?
46a9
In base 3, what is 111212210121 - 11?
111212210110
In base 9, what is 6 - -3502?
3508
In base 11, what is -2 - -1a4a79?
1a4a77
In base 11, what is 126 - -6786?
6901
In base 15, what is ae1 - 0?
ae1
In base 8, what is 24171 + 0?
24171
In base 9, what is -542726 - 0?
-542726
In base 5, what is 3 + -10304204?
-10304201
In base 15, what is -6 + -e98?
-e9e
In base 7, what is 63 + -111325?
-111232
In base 6, what is -2424 - 10224?
-13052
In base 14, what is 2 - 7c3dd?
-7c3db
In base 13, what is 2 - 1486?
-1484
In base 6, what is -53 - -10012?
5515
In base 10, what is 227 - -2245?
2472
In base 2, what is -11110 - 10000110111001?
-10000111010111
In base 6, what is -1333511 + -215?
-1334130
In base 6, what is -244 - 132404?
-133052
In base 3, what is -10002221 + 20002?
-2212212
In base 10, what is -287 - 128?
-415
In base 8, what is -76457 + 12?
-76445
In base 11, what is 399 - 74?
325
In base 2, what is 1000100001 + -101100?
111110101
In base 7, what is 4 - -3005346?
3005353
In base 12, what is -2 - 2b258?
-2b25a
In base 5, what is -11 - -343233003?
343232442
In base 12, what is -1582 - -4?
-157a
In base 10, what is -26764 + -9?
-26773
In base 8, what is -10732777 + -3?
-10733002
In base 4, what is -100111 - 32?
-100203
In base 16, what is -192e + 3?
-192b
In base 15, what is 43c + -3a?
402
In base 13, what is -149 + 17?
-132
In base 16, what is -3f70 + -c?
-3f7c
In base 15, what is 1461 + 2d?
148e
In base 16, what is 3 + -38c6c?
-38c69
In base 5, what is 113041141 - -4?
113041200
In base 2, what is -1000101 - 1001010001?
-1010010110
In base 3, what is 10200221 - 2?
10200212
In base 4, what is 21 + 100222332?
100223013
In base 2, what is -10 - -11111010111?
11111010101
In base 15, what is 5 + 10b6?
10bb
In base 8, what is 433 + 340?
773
In base 3, what is 2100112 - 1?
2100111
In base 3, what is -20 - -2000121?
2000101
In base 12, what is 0 + 88207?
88207
In base 4, what is 10 + -1321223113?
-1321223103
In base 15, what is -1187 - 3?
-118a
In base 12, what is -7 - 1236?
-1241
In base 13, what is c684 - 0?
c684
In base 12, what is 1a111 + 1?
1a112
In base 2, what is -10100110110101000 + -101?
-10100110110101101
In base 11, what is 3 - -390a5?
390a8
In base 4, what is 1301330121 - -3?
1301330130
In base 11, what is 1 + 27972?
27973
In base 9, what is -1 - -6863?
6862
In base 6, what is -12223 + 141?
-12042
In base 7, what is -3453413 + 11?
-3453402
In base 2, what is -10011111000000101 + -10?
-10011111000000111
In base 14, what is 58d2d + 4?
58d33
In base 14, what is -247cdc - -5?
-247cd7
In base 9, what is -3 + -650375?
-650378
In base 4, what is 110100212 - -30?
110100302
In base 4, what is -1023 + 1002102?
1001013
In base 3, what is 10220 - -202220?
220210
In base 9, what is -1781 - 238?
-2130
In base 16, what is 69078 - 0?
69078
In base 12, what is -42a0 + -7?
-42a7
In base 3, what is -1010 + 2102221?
2101211
In base 6, what is 202 - 23554?
-23352
In base 9, what is -2384 + 758?
-1525
In base 5, what is 4 + -104312322?
-104312313
In base 14, what is -12359 + -1?
-1235a
In base 10, what is -9004 - -260?
-8744
In base 6, what is 4235 + 3225?
11504
In base 5, what is -1140311 + 12?
-1140244
In base 6, what is -1102 + 34022?
32520
In base 5, what is 100 - -203134?
203234
In base 12, what is 5 + -23222?
-23219
In base 2, what is 11 + -100111011110110?
-100111011110011
In base 3, what is -20 + -112111012?
-112111102
In base 8, what is 2 - 21652?
-21650
In base 7, what is -3404 - -126?
-3245
In base 12, what is -32 + a4?
72
In base 10, what is 184 + 411?
595
In base 13, what is 13324 - -5?
13329
In base 6, what is 1312 - -151?
1503
In base 8, what is -216416 - -21?
-216375
In base 15, what is -dae + 5?
-da9
In base 5, what is 13 + -130111?
-130043
In base 9, what is -260 + -1585?
-1855
In base 6, what is -3353 - -4325?
532
In base 10, what is -503 + -701?
-1204
In base 3, what is -20221 - 11100?
-102021
In base 10, what is -1 + 23266?
23265
In base 2, what is 1000011 + 111100100?
1000100111
In base 5, what is -34 + -24312240?
-24312324
In base 4, what is -131102212 - 11?
-131102223
In base 14, what is -3 - 1c73?
-1c76
In base 9, what is 5 - 12333?
-12327
In base 14, what is 2 - -12db3?
12db5
In base 2, what is 1001110101100011 - -100?
1001110101100111
In base 2, what is -111101 - 100101111?
-101101100
In base 11, what is 4 + 362711?
362715
In base 8, what is -33 + -2676?
-2731
In base 10, what is -30432 - -1?
-30431
In base 6, what is 5 + 34544?
34553
In base 4, what is 320330130 - 2?
320330122
In base 2, what 